ctors of (-36)/30*p/9.
2, 11
What are the prime factors of 2741 - (-20 + (-270)/(-9))?
2731
Suppose h - 16490 = 2*g, -5*h - 41677 + 124217 = 20*g. What are the prime factors of h?
2, 1031
Let l = 428 + -506. Let g = 145 - l. What are the prime factors of g?
223
Let f(l) = -11*l - 57*l + 11 - 26. List the prime factors of f(-6).
3, 131
Suppose 4*s - d + 6*d - 37 = 0, 2*s + 2*d = 16. Suppose 3*j + s*t = 2112, -j + t + 327 = -385. Suppose 2*r + j = 5*r. What are the prime factors of r?
2, 59
Let t = 1148 + 739. List the prime factors of t.
3, 17, 37
Let h = 3790 - -311. List the prime factors of h.
3, 1367
Let q(d) = 20*d + 141. Let p be q(-6). Suppose 11*h = -p*h + 17536. List the prime factors of h.
2, 137
Suppose 0 = -4*f + 16768 - 760. List the prime factors of 16/(-6)*f/(-92).
2, 29
Suppose -4*u = 5*w - 28635, 294*u - 297*u + 2*w + 21505 = 0. What are the prime factors of u?
5, 1433
Let b be 18/4*(-16)/(-6). Suppose 243 = -66*a - 153. List the prime factors of (-141)/a + (-18)/b.
2, 11
Let b = -7262 - -21944. List the prime factors of b.
2, 3, 2447
What are the prime factors of 2773346/136 + 20/(-16)?
3, 7, 971
Let z be (-68)/204 + (106/(-6) - 0). What are the prime factors of (-4)/(z/60075*10)?
3, 5, 89
Let a = 22339 + 2179. List the prime factors of a.
2, 13, 23, 41
Suppose 58*c - 423570 + 53936 = 0. What are the prime factors of c?
6373
Suppose 0 = 4*l + 4, -4*b + 0*b + l + 3941 = 0. Suppose -4*p - 3*t + 788 = 0, 0 = 2*p + 3*p - 2*t - b. List the prime factors of p.
197
Suppose -167*g + 2257152 = -583351. What are the prime factors of g?
73, 233
List the prime factors of (-360)/28*(1 - 519).
2, 3, 5, 37
Suppose d - 7 = -6. Suppose 4*w - 451 = -c + 1042, d = c. What are the prime factors of w?
373
Let j(u) = 10*u**3 + 18*u**2 + 42*u + 22. Let v(w) = 5*w**3 + 9*w**2 + 21*w + 11. Let k(l) = -6*j(l) + 11*v(l). List the prime factors of k(-5).
2, 13, 19
Let f(c) be the second derivative of -c**4/12 + 41*c**3/6 - 14*c**2 - 5*c. Let l(k) = 21*k - 14. Let b(p) = -3*f(p) + 7*l(p). List the prime factors of b(-11).
5, 17
Let o(v) = 10*v**2 - 17*v + 125. Let s(d) = -2*d**2 + 3*d - 25. Let l(m) = -2*o(m) - 11*s(m). List the prime factors of l(-3).
2, 5
Let l be 0/10*(2 - (-1)/(-1)). Suppose 2*f + l*u - 616 = 2*u, 4*f - u = 1232. Suppose 3*q - f = -41. What are the prime factors of q?
89
Let r(b) = -16*b**3 + 3*b**2 - 1. Suppose -32 = -6*x + x + j, 5*x = -2*j + 26. Suppose -7 = v - x. List the prime factors of r(v).
2, 3
Suppose v + z = 1261, v - 864 = 3*z + 381. Let k = -881 + v. Suppose 10*q = 724 + k. What are the prime factors of q?
2, 5, 11
Let n = 170540 - 119932. List the prime factors of n.
2, 3163
What are the prime factors of (13/182*-7)/((-84327)/84324 + 1)?
2, 7027
Let i = 182 - 178. Let j(p) be the third derivative of p**6/40 - p**5/15 + p**4/24 - p**3/6 + 3*p**2. List the prime factors of j(i).
131
Let j(q) = q**3 - 10*q**2 + 24*q - 18. Let x be j(6). List the prime factors of (-30040)/(-30)*x/(-12).
2, 751
Let s(b) = -2*b**2 - 14*b - 2. Let m be s(-11). Let h = m - -94. Suppose -5*c + 321 = 3*k, -h*k + 3*c + 428 = c. What are the prime factors of k?
107
Suppose -59*p = 94*p + 199*p - 4046240. List the prime factors of p.
5, 11, 19
Let l = -450 + 1038. Suppose 0 = -4*c - o - 3*o + l, 5*c - 723 = -o. List the prime factors of c.
2, 3
Let v = -529 - -531. Suppose -v*u = -4, -24*w + u + 931 = -21*w. What are the prime factors of w?
311
Let u(t) = -t**3 - 2*t**2 + 9*t - 12. Let o be u(-6). Let y = 124 - o. Suppose 2*n = y - 0. List the prime factors of n.
23
List the prime factors of -1 - (2 + -3) - (1 - 12097 - 7).
7, 13, 19
Let u be 5*4*(-3)/(-12). Suppose 5*m - 2*s = 3005, -3*s + 1160 = u*m - 1845. List the prime factors of m.
601
Let u(v) = -882*v + 5053. What are the prime factors of u(-9)?
11, 1181
Suppose -12 - 4 = 7*b + 5. Let x be 9 - -2*(-1 - 0). What are the prime factors of 152/56 + b + 583/x?
83
Let y = -582 + -92. Let v = -466 - y. Suppose 7*b = 1902 - v. What are the prime factors of b?
2, 11
Let x(l) = 988*l - 2172. What are the prime factors of x(21)?
2, 3, 43
Suppose f + 2 = 3*f - 3*v, 4*f = -2*v + 20. Suppose 4988 = 3*r + 4*o, f*r = r - 5*o + 4984. List the prime factors of r.
2, 3, 139
Let c be 3*(1 - (-34)/(-3)). Let y = c - -33. Suppose y*u + i - 173 = 0, u - 79 + 15 = -5*i. List the prime factors of u.
89
Suppose 420*p - 523*p + 2242516 = 0. What are the prime factors of p?
2, 5443
Suppose -b - 1 + 2 = -4*i, -2*b + 4*i = 14. What are the prime factors of b/9 + 2661/9?
2, 3, 7
List the prime factors of 186264/(-52)*(-14)/9.
2, 7, 199
Let b(z) = 303*z - 271. Let h be b(5). Suppose 0*s - h = -s. List the prime factors of s.
2, 311
Let v be -9*(3 + ((-231)/9 - 2)). Let q be (v/15)/((-1)/(-20)) - 1. Suppose -3*u + q = -80. List the prime factors of u.
5
Suppose 135*n - 415 = 130*n. Suppose 0 = 82*k - n*k + 119. Suppose 2*f - k - 299 = -2*o, 3*f + o - 619 = 0. List the prime factors of f.
5, 41
Let m = -27774 + 49353. List the prime factors of m.
3, 7193
Suppose -3*w = 147 - 159, -w - 11639 = -v. List the prime factors of v.
3, 3881
Suppose 0 = 50*y + 868 - 11218. List the prime factors of y.
3, 23
Let p = 378 + -487. Let l = 320 + -88. Let q = p + l. What are the prime factors of q?
3, 41
Let n = 1723 - 1180. Let d = n + -216. Let j = d + -174. List the prime factors of j.
3, 17
Let z(r) = 570*r**2 + 50*r + 201. What are the prime factors of z(-4)?
7, 1303
Suppose 4 = -f, 1463 = 3*p - 4*f + 2*f. Suppose -3*h = -0 - 6. Suppose -2*t - 2*x + 990 = h*t, -2*t = -x - p. List the prime factors of t.
5, 7
Suppose 0*h - 2*h + 4*g = -3578, 5*h - 8937 = 2*g. Let u = 2517 - h. Suppose 4*n = 3*s + s - 740, -4*s = n - u. What are the prime factors of s?
3, 61
Suppose 0 = -1236*n + 1194*n + 1331904. List the prime factors of n.
2, 991
Let x(u) = 37 - 3*u + 47 + u. Suppose -5*i - 2 = -c, 0 = -2*i - 3*c + 52 - 46. What are the prime factors of x(i)?
2, 3, 7
Suppose 4*a - 253*b - 282365 = -248*b, 0 = -13*a - 5*b + 917580. What are the prime factors of a?
5, 19, 743
List the prime factors of (5 - (-1712)/8)*(-8)/(-3).
2, 73
Let n(c) = -6*c**3 + 13*c**2 - 9*c + 34. Let i(j) = 2*j**3 + j**2 + 2*j + 1. Let p(w) = -2*i(w) - n(w). List the prime factors of p(11).
2, 433
Let j = 8930 - 4134. List the prime factors of j.
2, 11, 109
What are the prime factors of 663/34 + -18 - 62828/(-8)?
5, 1571
Suppose 0 = 2*c - 4*n - 6728, -105*n + 106*n = -2*c + 6713. List the prime factors of c.
2, 23, 73
Suppose 0 = -10*z + 15*z - 30. Let s be 50/((21/z)/7). Suppose -3*y = 5*j - s, 4*j + 20 = 2*y - 76. List the prime factors of y.
2, 5
Let n(m) = 21 + 12*m**2 - 4 - 6 + m. Let w be n(9). List the prime factors of (-8)/(-20) - w/(-20).
2, 5
Let j = 2981 + -2351. List the prime factors of j.
2, 3, 5, 7
Let p = -674 - -8525. What are the prime factors of p?
3, 2617
Let w(u) be the first derivative of 3*u**3 + u**2/2 + 8*u - 1575. Suppose 4*d = 17 + 3. List the prime factors of w(d).
2, 7, 17
Let m(j) = 2*j**3 - 44*j**2 + 2*j - 22. Let g be m(22). Let y = -34 + g. Let h(p) = -p**3 - 10*p**2 + 18*p - 1. List the prime factors of h(y).
71
Let u = -25891 - -31662. What are the prime factors of u?
29, 199
Let s be (-1)/4*0 + 0. Suppose s = -4*y - 3*y + 14. List the prime factors of ((-1)/y)/(6/(-576)).
2, 3
Let x = 49 + -43. Suppose x = i - 24. Let p = i + -24. List the prime factors of p.
2, 3
Let w(a) = 8*a**2 - 10*a - 9. Let m be w(6). Suppose -4*i + 98 = 3*n - 233, i - m = -2*n. What are the prime factors of n?
109
Let l(b) = b + b - b - 1 + 11*b**2 - 10*b**2. Let s be l(-1). List the prime factors of -14*((-1)/s + -2).
2, 7
Suppose -5*r + 34108 = -4*j, -8*r - 14*j + 13*j + 54521 = 0. What are the prime factors of r?
2, 3, 71
What are the prime factors of ((-100)/(-1650) - 14015509/(-330)) + (-3)/10?
3, 11, 13
Let h(q) = 65*q**3 + 12*q**2 - 95*q + 23. What are the prime factors of h(5)?
7, 17, 67
Let a(l) = -l**2 - 11*l - 11. Suppose -19*s - 96 = 18. Let c be a(s). Let d = c - -44. List the prime factors of d.
3, 7
Suppose 1 = 2*s - 3. Suppose -13 = -4*g - 1, -s*p = 2*g - 166. Suppose 0 = -3*q + 91 + p. List the prime factors of q.
3, 19
Suppose 0 = 2*w - 4*p - 8 + 24, 0 = -3*w + 4*p - 18. Let n be (-34)/(-9) - w/9. Suppose 2*b = 5*a - 683, n*a + 3*b = -b + 552